{"id":2001515,"date":"2004-11-27T14:33:15","date_gmt":"2004-11-27T12:33:15","guid":{"rendered":"https:\/\/magazin.romfilatelia.ro\/?post_type=product&#038;p=2001515"},"modified":"2024-11-05T14:41:13","modified_gmt":"2024-11-05T12:41:13","slug":"craciun-2004","status":"publish","type":"product","link":"https:\/\/magazin.romfilatelia.ro\/?product=craciun-2004","title":{"rendered":"Craciun 2004"},"content":{"rendered":"<p><a href=\"http:\/\/romfilatelia.ro\/magazin\/wp-content\/uploads\/2005\/01\/timbruCRACIUN.jpg\"><img decoding=\"async\" class=\"size-full wp-image-2005383 alignleft\" src=\"http:\/\/romfilatelia.ro\/magazin\/wp-content\/uploads\/2005\/01\/timbruCRACIUN.jpg\" alt=\"timbruCRACIUN\" width=\"174\" height=\"117\" \/><\/a>La data de 27.11.2004, se pune \u00een circula\u021bie la Bucure\u0219ti emisiunea de m\u0103rci po\u0219tale \u201cCr\u0103ciun 2004\u201d.<br \/>\n(G\u00e2nduri de Cr\u0103ciun\u2026)<br \/>\nA mai trecut un an\u2026<br \/>\nIat\u0103, iarna iar s-a a\u0219ternut peste tot \u0219i ne apropiem din nou de perioada \u00een care sc\u0103p\u0103m de griji, sup\u0103r\u0103rile le d\u0103m la o parte, uit\u0103m de du\u0219mani \u0219i,\u00eemp\u0103ca\u0219i cu noi \u00een\u0219ine, \u00eencepem s\u0103 tr\u0103im atmosfera S\u0103rb\u0103torilor.<br \/>\nDe fiecare dat\u0103, Na\u0219terea lui Iisus ne evoc\u0103 amintirile, ne umple sufletele de bun\u0103tate, ne ofer\u0103 c\u0103ldura prietenilor \u0219i bucuria de a fi \u00eempreun\u0103 cu familia.<br \/>\nS\u0103rb\u0103torirea Na\u0219terii Domnului este un moment unic pentru noi to\u021bi. Este momentul culminant al unui an care a fost pentru fiecare a\u0219a cum a putut el s\u0103 fie: mai bun pentru unii, mai pu\u021bin bun pentru al\u021bii. Ne vom aduna seara \u00een jurul bradului \u0219i, l\u0103s\u00e2ndu-ne prad\u0103 amintirilor, vom sim\u021bi c\u00e2t de important este ca, \u00een via\u021b\u00e3, s\u0103 tr\u0103im fiecare clip\u0103, a\u0219a cum tr\u0103im Clipa Cr\u00e3ciunului.<br \/>\nAceast\u0103 tradi\u021bie are o savoare a ei, un parfum aparte, dar creeaz\u0103 \u0219i o atmosfer\u0103 interioar\u0103 unic\u0103.<br \/>\nS\u00e3 ne bucur\u0103m mereu cu to\u021bii de Cr\u0103ciun \u0219i fiecare zi a vie\u021bii noastre s\u0103 fie la fel de curat\u0103 \u0219i luminat\u0103 cum este aceast\u0103 Sf\u00e2nt\u0103 Zi!<br \/>\nData Aparitie:2004-11-27<\/p>\n","protected":false},"excerpt":{"rendered":"<p>La data de 27.11.2004, se pune \u00een circula\u021bie la Bucure\u0219ti emisiunea de m\u0103rci po\u0219tale \u201cCr\u0103ciun 2004\u201d. (G\u00e2nduri de Cr\u0103ciun\u2026) A [&hellip;]<\/p>\n","protected":false},"featured_media":2058362,"template":"","meta":{"site-sidebar-layout":"default","site-content-layout":"","ast-site-content-layout":"","site-content-style":"default","site-sidebar-style":"default","ast-global-header-display":"","ast-banner-title-visibility":"","ast-main-header-display":"","ast-hfb-above-header-display":"","ast-hfb-below-header-display":"","ast-hfb-mobile-header-display":"","site-post-title":"","ast-breadcrumbs-content":"","ast-featured-img":"","footer-sml-layout":"","theme-transparent-header-meta":"","adv-header-id-meta":"","stick-header-meta":"","header-above-stick-meta":"","header-main-stick-meta":"","header-below-stick-meta":"","astra-migrate-meta-layouts":"default","ast-page-background-enabled":"default","ast-page-background-meta":{"desktop":{"background-color":"var(--ast-global-color-4)","background-image":"","background-repeat":"repeat","background-position":"center center","background-size":"auto","background-attachment":"scroll","background-type":"","background-media":"","overlay-type":"","overlay-color":"","overlay-opacity":"","overlay-gradient":""},"tablet":{"background-color":"","background-image":"","background-repeat":"repeat","background-position":"center center","background-size":"auto","background-attachment":"scroll","background-type":"","background-media":"","overlay-type":"","overlay-color":"","overlay-opacity":"","overlay-gradient":""},"mobile":{"background-color":"","background-image":"","background-repeat":"repeat","background-position":"center center","background-size":"auto","background-attachment":"scroll","background-type":"","background-media":"","overlay-type":"","overlay-color":"","overlay-opacity":"","overlay-gradient":""}},"ast-content-background-meta":{"desktop":{"background-color":"var(--ast-global-color-5)","background-image":"","background-repeat":"repeat","background-position":"center center","background-size":"auto","background-attachment":"scroll","background-type":"","background-media":"","overlay-type":"","overlay-color":"","overlay-opacity":"","overlay-gradient":""},"tablet":{"background-color":"var(--ast-global-color-5)","background-image":"","background-repeat":"repeat","background-position":"center center","background-size":"auto","background-attachment":"scroll","background-type":"","background-media":"","overlay-type":"","overlay-color":"","overlay-opacity":"","overlay-gradient":""},"mobile":{"background-color":"var(--ast-global-color-5)","background-image":"","background-repeat":"repeat","background-position":"center center","background-size":"auto","background-attachment":"scroll","background-type":"","background-media":"","overlay-type":"","overlay-color":"","overlay-opacity":"","overlay-gradient":""}}},"product_cat":[2663,2618],"product_tag":[2705],"class_list":{"0":"post-2001515","1":"product","2":"type-product","3":"status-publish","4":"has-post-thumbnail","6":"product_cat-2663","7":"product_cat-colectii-anuale","8":"product_tag-x_new","9":"desktop-align-left","10":"tablet-align-left","11":"mobile-align-left","13":"first","14":"instock","15":"taxable","16":"shipping-taxable","17":"product-type-grouped"},"_links":{"self":[{"href":"https:\/\/magazin.romfilatelia.ro\/index.php?rest_route=\/wp\/v2\/product\/2001515"}],"collection":[{"href":"https:\/\/magazin.romfilatelia.ro\/index.php?rest_route=\/wp\/v2\/product"}],"about":[{"href":"https:\/\/magazin.romfilatelia.ro\/index.php?rest_route=\/wp\/v2\/types\/product"}],"wp:featuredmedia":[{"embeddable":true,"href":"https:\/\/magazin.romfilatelia.ro\/index.php?rest_route=\/wp\/v2\/media\/2058362"}],"wp:attachment":[{"href":"https:\/\/magazin.romfilatelia.ro\/index.php?rest_route=%2Fwp%2Fv2%2Fmedia&parent=2001515"}],"wp:term":[{"taxonomy":"product_cat","embeddable":true,"href":"https:\/\/magazin.romfilatelia.ro\/index.php?rest_route=%2Fwp%2Fv2%2Fproduct_cat&post=2001515"},{"taxonomy":"product_tag","embeddable":true,"href":"https:\/\/magazin.romfilatelia.ro\/index.php?rest_route=%2Fwp%2Fv2%2Fproduct_tag&post=2001515"}],"curies":[{"name":"wp","href":"https:\/\/api.w.org\/{rel}","templated":true}]}}