{"id":2001519,"date":"2004-12-06T14:34:00","date_gmt":"2004-12-06T12:34:00","guid":{"rendered":"https:\/\/magazin.romfilatelia.ro\/?post_type=product&#038;p=2001519"},"modified":"2024-11-05T14:41:15","modified_gmt":"2024-11-05T12:41:15","slug":"fragmente-din-columna-lui-traian-ii","status":"publish","type":"product","link":"https:\/\/magazin.romfilatelia.ro\/?product=fragmente-din-columna-lui-traian-ii","title":{"rendered":"Fragmente din Columna lui Traian (II)"},"content":{"rendered":"<p><a href=\"http:\/\/romfilatelia.ro\/magazin\/wp-content\/uploads\/2004\/12\/columna2.jpg\"><img decoding=\"async\" class=\"size-medium wp-image-2005395 alignleft\" src=\"http:\/\/romfilatelia.ro\/magazin\/wp-content\/uploads\/2004\/12\/columna2-160x300.jpg\" alt=\"columna2\" width=\"160\" height=\"300\" \/><\/a>Romfilatelia, societate specializat\u0103 \u00een emiterea \u0219i comercializarea m\u0103rcilor<br \/>\npo\u0219tale \u00een Rom\u00e2nia, pune \u00een circula\u021bie partea a doua a emisiunii de m\u0103rci po\u0219tale uzuale ce reproduc imagini de pe Columna lui Traian.<br \/>\nMarca po\u0219tal\u0103 cu valoarea nominal\u0103 de 21.000 lei \u00eel reprezint\u0103 pe \u00cemp\u0103ratul Traian \u00een ipostaz\u0103 de mare preot. El oficiaz\u0103 ritualul sacru de purificare a armatei. Totodat\u0103 imaginea \u00eenf\u0103\u021bi\u0219eaz\u0103 un sol dac, din semin\u021bia burilor, ce prezint\u0103 \u00eemp\u0103ratului un mesaj scris pe o ciuperc\u0103.<\/p>\n<p>Timbrul cu valoarea nominal\u0103 de 31.000 lei ilustreaz\u0103 cucerirea unor cet\u0103\u021bi dacice dup\u0103 lupta de la Tapae, precum \u0219i traversarea unui r\u00e2u de munte de c\u0103tre armatele romane.<\/p>\n<p>Timbrul cu valoarea nominal\u0103 de 145.000 lei ne \u00eenf\u0103\u021bi\u0219eaz\u0103 construirea de c\u0103tre legiunile romane a unui castru de piatr\u0103 \u00een Banatul dacic.<\/p>\n<p>Imaginile dup\u0103 care s-au realizat cele trei timbre fac parte din albumul \u201eColonna Traiana\u201d de Pietro Santi Bartoli, lucrare ce lace parte din colec\u021bia domnului Leonard Pa\u0219canu.<br \/>\nData Aparitie:2004-12-06<\/p>\n","protected":false},"excerpt":{"rendered":"<p>Romfilatelia, societate specializat\u0103 \u00een emiterea \u0219i comercializarea m\u0103rcilor po\u0219tale \u00een Rom\u00e2nia, pune \u00een circula\u021bie partea a doua a emisiunii de [&hellip;]<\/p>\n","protected":false},"featured_media":2058366,"template":"","meta":{"site-sidebar-layout":"default","site-content-layout":"","ast-site-content-layout":"","site-content-style":"default","site-sidebar-style":"default","ast-global-header-display":"","ast-banner-title-visibility":"","ast-main-header-display":"","ast-hfb-above-header-display":"","ast-hfb-below-header-display":"","ast-hfb-mobile-header-display":"","site-post-title":"","ast-breadcrumbs-content":"","ast-featured-img":"","footer-sml-layout":"","theme-transparent-header-meta":"","adv-header-id-meta":"","stick-header-meta":"","header-above-stick-meta":"","header-main-stick-meta":"","header-below-stick-meta":"","astra-migrate-meta-layouts":"default","ast-page-background-enabled":"default","ast-page-background-meta":{"desktop":{"background-color":"var(--ast-global-color-4)","background-image":"","background-repeat":"repeat","background-position":"center center","background-size":"auto","background-attachment":"scroll","background-type":"","background-media":"","overlay-type":"","overlay-color":"","overlay-opacity":"","overlay-gradient":""},"tablet":{"background-color":"","background-image":"","background-repeat":"repeat","background-position":"center center","background-size":"auto","background-attachment":"scroll","background-type":"","background-media":"","overlay-type":"","overlay-color":"","overlay-opacity":"","overlay-gradient":""},"mobile":{"background-color":"","background-image":"","background-repeat":"repeat","background-position":"center center","background-size":"auto","background-attachment":"scroll","background-type":"","background-media":"","overlay-type":"","overlay-color":"","overlay-opacity":"","overlay-gradient":""}},"ast-content-background-meta":{"desktop":{"background-color":"var(--ast-global-color-5)","background-image":"","background-repeat":"repeat","background-position":"center center","background-size":"auto","background-attachment":"scroll","background-type":"","background-media":"","overlay-type":"","overlay-color":"","overlay-opacity":"","overlay-gradient":""},"tablet":{"background-color":"var(--ast-global-color-5)","background-image":"","background-repeat":"repeat","background-position":"center center","background-size":"auto","background-attachment":"scroll","background-type":"","background-media":"","overlay-type":"","overlay-color":"","overlay-opacity":"","overlay-gradient":""},"mobile":{"background-color":"var(--ast-global-color-5)","background-image":"","background-repeat":"repeat","background-position":"center center","background-size":"auto","background-attachment":"scroll","background-type":"","background-media":"","overlay-type":"","overlay-color":"","overlay-opacity":"","overlay-gradient":""}}},"product_cat":[2663,2618],"product_tag":[2705],"class_list":{"0":"post-2001519","1":"product","2":"type-product","3":"status-publish","4":"has-post-thumbnail","6":"product_cat-2663","7":"product_cat-colectii-anuale","8":"product_tag-x_new","9":"desktop-align-left","10":"tablet-align-left","11":"mobile-align-left","13":"first","14":"instock","15":"taxable","16":"shipping-taxable","17":"product-type-grouped"},"_links":{"self":[{"href":"https:\/\/magazin.romfilatelia.ro\/index.php?rest_route=\/wp\/v2\/product\/2001519"}],"collection":[{"href":"https:\/\/magazin.romfilatelia.ro\/index.php?rest_route=\/wp\/v2\/product"}],"about":[{"href":"https:\/\/magazin.romfilatelia.ro\/index.php?rest_route=\/wp\/v2\/types\/product"}],"wp:featuredmedia":[{"embeddable":true,"href":"https:\/\/magazin.romfilatelia.ro\/index.php?rest_route=\/wp\/v2\/media\/2058366"}],"wp:attachment":[{"href":"https:\/\/magazin.romfilatelia.ro\/index.php?rest_route=%2Fwp%2Fv2%2Fmedia&parent=2001519"}],"wp:term":[{"taxonomy":"product_cat","embeddable":true,"href":"https:\/\/magazin.romfilatelia.ro\/index.php?rest_route=%2Fwp%2Fv2%2Fproduct_cat&post=2001519"},{"taxonomy":"product_tag","embeddable":true,"href":"https:\/\/magazin.romfilatelia.ro\/index.php?rest_route=%2Fwp%2Fv2%2Fproduct_tag&post=2001519"}],"curies":[{"name":"wp","href":"https:\/\/api.w.org\/{rel}","templated":true}]}}