{"id":2001664,"date":"2006-06-09T15:45:33","date_gmt":"2006-06-09T13:45:33","guid":{"rendered":"https:\/\/magazin.romfilatelia.ro\/?post_type=product&#038;p=2001664"},"modified":"2024-11-05T15:24:02","modified_gmt":"2024-11-05T13:24:02","slug":"cupa-mondiala-fifa-germania-2006","status":"publish","type":"product","link":"https:\/\/magazin.romfilatelia.ro\/?product=cupa-mondiala-fifa-germania-2006","title":{"rendered":"Cupa Mondial\u00e3 FIFA &#8211; Germania 2006"},"content":{"rendered":"<p><a href=\"http:\/\/romfilatelia.ro\/magazin\/wp-content\/uploads\/2006\/06\/BLOCDE4FIFA.jpg\"><img fetchpriority=\"high\" decoding=\"async\" class=\"size-medium wp-image-2005005 alignleft\" src=\"http:\/\/romfilatelia.ro\/magazin\/wp-content\/uploads\/2006\/06\/BLOCDE4FIFA-300x300.jpg\" alt=\"BLOCDE4FIFA\" width=\"300\" height=\"300\" \/><\/a>Romfilatelia introduce \u00een circula\u0163ie o emisiune de timbre dedicat\u00e3 Campionatului Mondial de Fotbal (Cupa Mondial\u00e3 FIFA &#8211; Germania 2006) ce se desf\u00e3\u015foar\u00e3 anul acesta \u00een perioada 9 iunie &#8211; 9 iulie.<\/p>\n<p>\u00centre anii 1930-1970, miza turneelor finale ale Campionatelor Mondiale de Fotbal a fost \u201eCupa Jules Rimet\u201c, denumit\u00e3 astfel dup\u00e3 pre\u015fedintele FIFA, Jules Rimet, care a avut ideea \u00eenfiin\u0163\u00e3rii competi\u0163iei celor mai bune selec\u0163ionate na\u0163ionale de fotbal din lume.<br \/>\nCunoscut\u00e3 \u015fi sub numele de \u201eZei\u0163a de Aur\u201c, \u201eCupa Jules Rimet\u201c a fost creat\u00e3 de sculptorul francez Abel la Fleur. \u00cen anul 1970, Brazilia a intrat definitiv \u00een posesia trofeului confec\u0163ionat din aur masiv, fixat pe o baz\u00e3 de pietre rare, dup\u00e3 cel de-al treilea succes final. \u00cen anul 1983 dup\u00e3 ce \u201eZei\u0163a de Aur\u201c a fost furat\u00e3, Federa\u0163ia Brazilian\u00e3 de Fotbal a \u00eenlocuit-o cu un duplicat.<br \/>\n\u00cencep\u00e2nd din anul 1974, trofeul decernat este \u201eFIFA World Cup\u201c (Cupa Mondial\u00e3), creat de sculptorul italian Silvio Gazzaniga. Actualul trofeu a fost selec\u0163ionat din peste cincizeci de modele. Campionii mondiali de fotbal primesc o adev\u00e3rat\u00e3 oper\u00e3 de art\u00e3 f\u00e3cut\u00e3 din aur.<br \/>\nSub aceast\u00e3 nou\u00e3 \u00eenf\u00e3\u0163i\u015fare, trofeul \u201eCupa Mondial\u00e3\u201c a fost cucerit, pentru prima oar\u00e3, de reprezentativa vest-german\u00e3, care \u00een finala Campionatului Mondial din anul 1974 a \u00eenvins Olanda cu scorul de 2-1. Pentru ca trofeul s\u00e3 se afle \u00een siguran\u0163\u00e3, echipele c\u00e2\u015ftig\u00e3toare primesc numai o copie placat\u00e3 cu aur a cupei, originalul r\u00e3m\u00e2n\u00e2nd \u00een p\u00e3strarea Federa\u0163iei Interna\u0163ionale de Fotbal, la sediul FIFA din Z\u00fcrich.<br \/>\n\u00cent\u00e2lnirile dintre echipele calificate la Campionatul Mondial de Fotbal din Germania se vor desf\u00e3\u015fura \u00een 12 ora\u015fe, finala urm\u00e2nd a avea loc la Berlin, pe 9 iulie. Particip\u00e3 32 de echipe na\u0163ionale de fotbal de pe toate continentele.<br \/>\nEmisiunea filatelic\u00e3 este format\u00e3 din patru timbre care prezint\u00e3:<br \/>\n&#8211; timbrul cu valoarea nominal\u00e3 de 30 bani prezint\u00e3 o imagine care sugereaz\u00e3 atmosfera din tribune la meciurile de fotbal;<br \/>\n&#8211; timbrul cu valoarea nominal\u00e3 de 50 bani ilustreaz\u00e3 o minge intr\u00e2nd \u00een poart\u00e3;<br \/>\n&#8211; timbrul cu valoarea nominal\u00e3 de 1 leu ilustreaz\u00e3 un fotbalist \u00eentr-o faz\u00e3 de joc;<br \/>\n&#8211; timbrul cu valoarea nominal\u00e3 de 1,20 lei sugereaz\u00e3 ridicarea cupei \u00eentr-un gest triumfal.<br \/>\nData Aparitie:2006-06-09<\/p>\n<p><a href=\"http:\/\/romfilatelia.ro\/magazin\/wp-content\/uploads\/2006\/06\/pliantfifaro.jpg\"><img decoding=\"async\" class=\"aligncenter wp-image-2005004 size-full\" src=\"http:\/\/romfilatelia.ro\/magazin\/wp-content\/uploads\/2006\/06\/pliantfifaro.jpg\" alt=\"pliantfifaro\" width=\"482\" height=\"500\" \/><\/a><\/p>\n","protected":false},"excerpt":{"rendered":"<p>Romfilatelia introduce \u00een circula\u0163ie o emisiune de timbre dedicat\u00e3 Campionatului Mondial de Fotbal (Cupa Mondial\u00e3 FIFA &#8211; Germania 2006) ce [&hellip;]<\/p>\n","protected":false},"featured_media":2058440,"template":"","meta":{"site-sidebar-layout":"default","site-content-layout":"","ast-site-content-layout":"","site-content-style":"default","site-sidebar-style":"default","ast-global-header-display":"","ast-banner-title-visibility":"","ast-main-header-display":"","ast-hfb-above-header-display":"","ast-hfb-below-header-display":"","ast-hfb-mobile-header-display":"","site-post-title":"","ast-breadcrumbs-content":"","ast-featured-img":"","footer-sml-layout":"","theme-transparent-header-meta":"","adv-header-id-meta":"","stick-header-meta":"","header-above-stick-meta":"","header-main-stick-meta":"","header-below-stick-meta":"","astra-migrate-meta-layouts":"default","ast-page-background-enabled":"default","ast-page-background-meta":{"desktop":{"background-color":"var(--ast-global-color-4)","background-image":"","background-repeat":"repeat","background-position":"center center","background-size":"auto","background-attachment":"scroll","background-type":"","background-media":"","overlay-type":"","overlay-color":"","overlay-opacity":"","overlay-gradient":""},"tablet":{"background-color":"","background-image":"","background-repeat":"repeat","background-position":"center center","background-size":"auto","background-attachment":"scroll","background-type":"","background-media":"","overlay-type":"","overlay-color":"","overlay-opacity":"","overlay-gradient":""},"mobile":{"background-color":"","background-image":"","background-repeat":"repeat","background-position":"center center","background-size":"auto","background-attachment":"scroll","background-type":"","background-media":"","overlay-type":"","overlay-color":"","overlay-opacity":"","overlay-gradient":""}},"ast-content-background-meta":{"desktop":{"background-color":"var(--ast-global-color-5)","background-image":"","background-repeat":"repeat","background-position":"center center","background-size":"auto","background-attachment":"scroll","background-type":"","background-media":"","overlay-type":"","overlay-color":"","overlay-opacity":"","overlay-gradient":""},"tablet":{"background-color":"var(--ast-global-color-5)","background-image":"","background-repeat":"repeat","background-position":"center center","background-size":"auto","background-attachment":"scroll","background-type":"","background-media":"","overlay-type":"","overlay-color":"","overlay-opacity":"","overlay-gradient":""},"mobile":{"background-color":"var(--ast-global-color-5)","background-image":"","background-repeat":"repeat","background-position":"center center","background-size":"auto","background-attachment":"scroll","background-type":"","background-media":"","overlay-type":"","overlay-color":"","overlay-opacity":"","overlay-gradient":""}}},"product_cat":[2664,2618],"product_tag":[2705],"class_list":{"0":"post-2001664","1":"product","2":"type-product","3":"status-publish","4":"has-post-thumbnail","6":"product_cat-2664","7":"product_cat-colectii-anuale","8":"product_tag-x_new","9":"desktop-align-left","10":"tablet-align-left","11":"mobile-align-left","13":"first","14":"instock","15":"taxable","16":"shipping-taxable","17":"product-type-grouped"},"_links":{"self":[{"href":"https:\/\/magazin.romfilatelia.ro\/index.php?rest_route=\/wp\/v2\/product\/2001664"}],"collection":[{"href":"https:\/\/magazin.romfilatelia.ro\/index.php?rest_route=\/wp\/v2\/product"}],"about":[{"href":"https:\/\/magazin.romfilatelia.ro\/index.php?rest_route=\/wp\/v2\/types\/product"}],"wp:featuredmedia":[{"embeddable":true,"href":"https:\/\/magazin.romfilatelia.ro\/index.php?rest_route=\/wp\/v2\/media\/2058440"}],"wp:attachment":[{"href":"https:\/\/magazin.romfilatelia.ro\/index.php?rest_route=%2Fwp%2Fv2%2Fmedia&parent=2001664"}],"wp:term":[{"taxonomy":"product_cat","embeddable":true,"href":"https:\/\/magazin.romfilatelia.ro\/index.php?rest_route=%2Fwp%2Fv2%2Fproduct_cat&post=2001664"},{"taxonomy":"product_tag","embeddable":true,"href":"https:\/\/magazin.romfilatelia.ro\/index.php?rest_route=%2Fwp%2Fv2%2Fproduct_tag&post=2001664"}],"curies":[{"name":"wp","href":"https:\/\/api.w.org\/{rel}","templated":true}]}}