{"id":2012898,"date":"2016-07-27T01:01:24","date_gmt":"2016-07-26T23:01:24","guid":{"rendered":"https:\/\/magazin.romfilatelia.ro\/?post_type=product&#038;p=2012898"},"modified":"2024-11-05T14:43:01","modified_gmt":"2024-11-05T12:43:01","slug":"ia-romaneasca-tezaur-national","status":"publish","type":"product","link":"https:\/\/magazin.romfilatelia.ro\/?product=ia-romaneasca-tezaur-national","title":{"rendered":"IA ROM\u00c2NEASC\u0102, TEZAUR NA\u0162IONAL"},"content":{"rendered":"<p><a href=\"http:\/\/romfilatelia.ro\/magazin\/wp-content\/uploads\/2016\/06\/Ia_Tezaur_Rom_emis.jpg\"><img fetchpriority=\"high\" decoding=\"async\" class=\"size-medium wp-image-2012899 alignleft\" src=\"http:\/\/romfilatelia.ro\/magazin\/wp-content\/uploads\/2016\/06\/Ia_Tezaur_Rom_emis-291x300.jpg\" alt=\"Ia_Tezaur_Rom_emis\" width=\"291\" height=\"300\" \/><\/a>Echilibru \u015fi perfec\u0163iune. Pe c\u00e2t de simpl\u0103 este t\u0103ietura, pe at\u00e2t de profund\u0103 \u00eei este semnifica\u0163ia. Aceasta reprezint\u0103 c\u0103ma\u015fa tradi\u0163ional\u0103 l\u0103sat\u0103 mo\u015ftenire de la str\u0103mo\u015fii no\u015ftri, care este purtat\u0103 cu grij\u0103 din genera\u0163ie \u00een genera\u0163ie pentru a transmite \u015fi p\u0103stra c\u00e2t mai mult din simbolistica \u015fi energia ei spiritual\u0103.<\/p>\n<p>Ia, piesa de baz\u0103 a costumului popular feminin reprezint\u0103 mai mult dec\u00e2t un obiect vestimentar; este un simbol na\u0163ional, o poveste \u015fi o carte de istorie.<\/p>\n<p>Este de fapt, o c\u0103ma\u015fa tradi\u0163ional\u0103 rom\u00e2neasc\u0103, lucrat\u0103 din c\u00e2nep\u0103, in, bumbac, l\u00e2n\u0103 sau borangic, scurt\u0103, p\u00e2n\u0103 \u00een talie, numit\u0103 \u015fi \u201eciupag\u201d sau lung\u0103, \u201ecu poale\u201d.<\/p>\n<p>Pentru realizarea iei, materialele sunt alese cu aten\u0163ie, iar locurile fiec\u0103rui model sunt stabilite cu stricte\u0163e. Ornamentele, culorile \u015fi materialele din care erau realizate iile reprezentau o marc\u0103 social\u0103, de v\u00e2rst\u0103, statut civil, marital, confesional \u015fi zonal. Fetele nem\u0103ritate purtau culori vesele, aprinse, ii cu coloristic\u0103 bogat\u0103 pentru a le scoate \u00een eviden\u0163\u0103 puritatea, tinere\u0163ea \u015fi frumuse\u0163ea. Femeile m\u0103ritate purtau ii cusute \u00een culori neutre, de p\u0103m\u00e2nt, acestea fiind asociate cu \u00eemplinirea familial\u0103 \u015fi statornicia. \u015ei b\u0103tr\u00e2nele purtau culori vii, dar au adoptat culorile neutre ca un simbol al doliului dup\u0103 ce multe au r\u0103mas v\u0103duve \u00een timpul r\u0103zboaielor. A fost purtat\u0103 de femeile de la \u0163ar\u0103 sau de la ora\u015f, dar \u015fi de reprezentante ale marilor familii din istoria noastr\u0103. Emisiunea de m\u0103rci po\u015ftale <strong><em>IA ROM\u00c2NEASC\u0102, TEZAUR NA\u0162IONAL<\/em><\/strong>, ilustreaz\u0103 printr-o abordare grafic\u0103 original\u0103 4 personalit\u0103\u0163i feminine rom\u00e2ne\u015fti, care au purtat cu m\u00e2ndrie \u015fi au f\u0103cut cunoscut\u0103 ia rom\u00e2neasc\u0103 peste hotarele \u0163\u0103rii.<\/p>\n<p>Timbrul cu valoarea nominal\u0103 de <strong>3,50 lei<\/strong> o prezint\u0103 pe <strong><em>Regina Elisabeta a Rom\u00e2niei<\/em><\/strong> care poart\u0103 o ie din Romana\u0163i, jud. Olt. Adesea, Regina \u00ee\u015fi \u00eencuraja doamnele din suita ei s\u0103 se \u00eenve\u015fm\u00e2nteze \u00een port tradi\u0163ional. Ia olteneasc\u0103 specific\u0103 zonei Romana\u0163i are gulera\u015f \u015fi alti\u0163\u0103, alc\u0103tuit\u0103 din galoane \u00een care se repet\u0103 motivul de form\u0103 \u201eS\u201d. Motivele decorative sunt geometrice, florale, motive antropomorfe, iar \u00een cromatic\u0103 predomin\u0103 ultramarinul, cu intercala\u0163ii de fir metalic auriu.<\/p>\n<p>Timbrul cu valoarea nominal\u0103 de <strong>4 lei<\/strong> o reprezint\u0103 pe <strong><em>Regina Maria a Rom\u00e2niei<\/em><\/strong> care poart\u0103 o ie din jud. Dolj. Aceasta se \u00eembr\u0103ca \u00een straie tradi\u0163ionale, al\u0103turi de membrii familiei regale sau de doamnele de la curte, admir\u00e2nd cu adev\u0103rat tradi\u0163iile rom\u00e2ne\u015fti \u015fi costumul popular pe care le f\u0103cea cunoscute peste m\u0103ri \u015fi \u0163\u0103ri. Ia din zona Dolj este caracterizat\u0103 prin armonia cromatic\u0103, tonurile vii de albastru, ro\u015fu \u015fi alb, decorul variat format \u00eendeosebi din motive geometrice ca: romburi, cruciuli\u0163e, spirale. Ornamentarea este dispus\u0103 \u00een special pe m\u00e2nec\u0103, pe alti\u0163\u0103, \u00eencre\u0163 \u015fi r\u00e2uri.<\/p>\n<p>Timbrul cu valoarea nominal\u0103 de <strong>4,50 lei<\/strong> o reprezint\u0103 pe <strong><em>Smaranda Br\u0103escu<\/em><\/strong> care poart\u0103 o ie de Muscel, jud Arge\u015f. Smaranda Br\u0103escu a fost prima femeie para\u015futist cu brevet din Rom\u00e2nia dar, cunoscut\u0103 \u00een epoc\u0103 \u015fi pentru dragostea fa\u0163\u0103 de portul popular, pe care \u00eel considera cel mai potrivit costum de gal\u0103, at\u00e2t \u00een \u0163ar\u0103, c\u00e2t \u015fi \u00een str\u0103in\u0103tate. C\u0103ma\u015fa femeiasc\u0103 de Muscel este din borangic, \u00eencre\u0163it\u0103 la g\u00e2t, cu \u015fnur pe cre\u0163i. Materialul folosit la cusut este arniciul, fir de bumbac r\u0103sucit \u015fi colorat, vopsit \u00een culoare c\u0103r\u0103mizie, neagr\u0103, ro\u015fie, grena \u015fi mov, culori specifice zonei Muscel.<\/p>\n<p>Timbrul cu valoarea nominal\u0103 de <strong>16 lei<\/strong> o reprezint\u0103 pe <strong><em>Maria T\u0103nase<\/em><\/strong> \u00een c\u0103ma\u015f\u0103 din P\u0103dureni, jud. Hunedoara. Doamna c\u00e2ntecului rom\u00e2nesc a fost o iubitoare a tradi\u0163iilor rom\u00e2ne\u015fti \u015fi a dus ia rom\u00e2neasc\u0103 peste hotare, unde a fost admirat\u0103 \u015fi aplaudat\u0103. Maria T\u0103nase poart\u0103 o c\u0103ma\u015f\u0103 \u00eentr-o combina\u0163ie de culori, alb, negru \u015fi ro\u015fu. Pe fondul acestor culori specifice iei de P\u0103dureni apar discret tonuri de mov, albastru deschis \u015fi verde. Ornamentarea iei se face \u00een motive geometrice; romburi mari, p\u0103trate, jum\u0103t\u0103\u0163i de romburi, care se succed compact, pe \u00eentreaga m\u00e2nec\u0103 d\u00e2nd cus\u0103turii un aspect bogat, reliefat.<\/p>\n<p>&nbsp;<\/p>\n<p><strong><em>Romfilatelia mul\u0163ume\u015fte Casei Regale a Rom\u00e2niei, Muzeului Na\u0163ional de Istorie a Rom\u00e2niei, Muzeului Na\u0163ional al Satului \u201eDimitrie Gusti\u201d, Muzeului Na\u0163ional al \u0162\u0103ranului Rom\u00e2n \u015fi domnului Emanuel B\u0103descu pentru sprijinul documentar acordat \u00een realizarea acestei emisiuni de m\u0103rci po\u015ftale. <a href=\"http:\/\/romfilatelia.ro\/magazin\/wp-content\/uploads\/2016\/06\/Ia_Tezaur_Rom_box.jpg\"><img decoding=\"async\" class=\"aligncenter wp-image-2012900 size-full\" src=\"http:\/\/romfilatelia.ro\/magazin\/wp-content\/uploads\/2016\/06\/Ia_Tezaur_Rom_box.jpg\" alt=\"Ia_Tezaur_Rom_box\" width=\"900\" height=\"576\" \/><\/a><\/em><\/strong><\/p>\n","protected":false},"excerpt":{"rendered":"<p>Echilibru \u015fi perfec\u0163iune. Pe c\u00e2t de simpl\u0103 este t\u0103ietura, pe at\u00e2t de profund\u0103 \u00eei este semnifica\u0163ia. Aceasta reprezint\u0103 c\u0103ma\u015fa tradi\u0163ional\u0103 [&hellip;]<\/p>\n","protected":false},"featured_media":2058605,"template":"","meta":{"site-sidebar-layout":"default","site-content-layout":"","ast-site-content-layout":"","site-content-style":"default","site-sidebar-style":"default","ast-global-header-display":"","ast-banner-title-visibility":"","ast-main-header-display":"","ast-hfb-above-header-display":"","ast-hfb-below-header-display":"","ast-hfb-mobile-header-display":"","site-post-title":"","ast-breadcrumbs-content":"","ast-featured-img":"","footer-sml-layout":"","theme-transparent-header-meta":"","adv-header-id-meta":"","stick-header-meta":"","header-above-stick-meta":"","header-main-stick-meta":"","header-below-stick-meta":"","astra-migrate-meta-layouts":"default","ast-page-background-enabled":"default","ast-page-background-meta":{"desktop":{"background-color":"var(--ast-global-color-4)","background-image":"","background-repeat":"repeat","background-position":"center center","background-size":"auto","background-attachment":"scroll","background-type":"","background-media":"","overlay-type":"","overlay-color":"","overlay-opacity":"","overlay-gradient":""},"tablet":{"background-color":"","background-image":"","background-repeat":"repeat","background-position":"center center","background-size":"auto","background-attachment":"scroll","background-type":"","background-media":"","overlay-type":"","overlay-color":"","overlay-opacity":"","overlay-gradient":""},"mobile":{"background-color":"","background-image":"","background-repeat":"repeat","background-position":"center center","background-size":"auto","background-attachment":"scroll","background-type":"","background-media":"","overlay-type":"","overlay-color":"","overlay-opacity":"","overlay-gradient":""}},"ast-content-background-meta":{"desktop":{"background-color":"var(--ast-global-color-5)","background-image":"","background-repeat":"repeat","background-position":"center center","background-size":"auto","background-attachment":"scroll","background-type":"","background-media":"","overlay-type":"","overlay-color":"","overlay-opacity":"","overlay-gradient":""},"tablet":{"background-color":"var(--ast-global-color-5)","background-image":"","background-repeat":"repeat","background-position":"center center","background-size":"auto","background-attachment":"scroll","background-type":"","background-media":"","overlay-type":"","overlay-color":"","overlay-opacity":"","overlay-gradient":""},"mobile":{"background-color":"var(--ast-global-color-5)","background-image":"","background-repeat":"repeat","background-position":"center center","background-size":"auto","background-attachment":"scroll","background-type":"","background-media":"","overlay-type":"","overlay-color":"","overlay-opacity":"","overlay-gradient":""}}},"product_cat":[],"product_tag":[],"class_list":{"0":"post-2012898","1":"product","2":"type-product","3":"status-publish","4":"has-post-thumbnail","6":"desktop-align-left","7":"tablet-align-left","8":"mobile-align-left","10":"first","11":"instock","12":"taxable","13":"shipping-taxable","14":"product-type-simple"},"_links":{"self":[{"href":"https:\/\/magazin.romfilatelia.ro\/index.php?rest_route=\/wp\/v2\/product\/2012898"}],"collection":[{"href":"https:\/\/magazin.romfilatelia.ro\/index.php?rest_route=\/wp\/v2\/product"}],"about":[{"href":"https:\/\/magazin.romfilatelia.ro\/index.php?rest_route=\/wp\/v2\/types\/product"}],"wp:featuredmedia":[{"embeddable":true,"href":"https:\/\/magazin.romfilatelia.ro\/index.php?rest_route=\/wp\/v2\/media\/2058605"}],"wp:attachment":[{"href":"https:\/\/magazin.romfilatelia.ro\/index.php?rest_route=%2Fwp%2Fv2%2Fmedia&parent=2012898"}],"wp:term":[{"taxonomy":"product_cat","embeddable":true,"href":"https:\/\/magazin.romfilatelia.ro\/index.php?rest_route=%2Fwp%2Fv2%2Fproduct_cat&post=2012898"},{"taxonomy":"product_tag","embeddable":true,"href":"https:\/\/magazin.romfilatelia.ro\/index.php?rest_route=%2Fwp%2Fv2%2Fproduct_tag&post=2012898"}],"curies":[{"name":"wp","href":"https:\/\/api.w.org\/{rel}","templated":true}]}}