{"id":2019989,"date":"2018-03-08T06:13:26","date_gmt":"2018-03-08T04:13:26","guid":{"rendered":"https:\/\/magazin.romfilatelia.ro\/?post_type=product&#038;p=2019989"},"modified":"2024-11-05T15:07:31","modified_gmt":"2024-11-05T13:07:31","slug":"tricouri","status":"publish","type":"product","link":"https:\/\/magazin.romfilatelia.ro\/?product=tricouri","title":{"rendered":"Tricouri"},"content":{"rendered":"<p><a href=\"http:\/\/romfilatelia.ro\/magazin\/wp-content\/uploads\/2018\/03\/IMG_9270_m.jpg\"><img fetchpriority=\"high\" decoding=\"async\" class=\"alignleft wp-image-2019990 size-medium\" src=\"http:\/\/romfilatelia.ro\/magazin\/wp-content\/uploads\/2018\/03\/IMG_9270_m-233x300.jpg\" alt=\"\" width=\"233\" height=\"300\" \/><\/a>Pentru pasiona\u021bii de m\u0103rci po\u0219tale rom\u00e2ne\u0219ti, <strong>Romfilatelia <\/strong>\u00a0lanseaz\u0103 o edi\u021bie limitat\u0103 suveniruri, pe care sunt ilustrate emisiuni filatelice<\/p>\n<p>Sunt disponibile urm\u0103toarele modele de tricouri:<\/p>\n<ul>\n<li><strong>C\u0103lu\u0219arii (5 aprilie 1966)<\/strong> \u2013 reprezent\u00e2nd un joc tradi\u021bional din Muntenia, <em>C\u0103lu\u0219arii.<\/em><\/li>\n<\/ul>\n<p>Dansul C\u0103lu\u0219ului, dans tradi\u021bional rom\u00e2nesc din Moldova, Oltenia \u0219i Transilvania, se execut\u0103 \u00een s\u0103pt\u0103m\u00e2na dinaintea Rusaliilor, cu scop t\u0103m\u0103duitor. Cuprinde o serie de jocuri, c\u00e2ntece, strig\u0103turi \u0219i dansuri, care sunt interpretate de grupuri de dansatori b\u0103rba\u021bi (c\u0103lu\u0219ari). Ace\u0219tia au o \u00eembr\u0103c\u0103minte caracteristic\u0103 \u2013 ciucuri \u0219i zurg\u0103l\u0103i la picioare, p\u0103l\u0103rie cu panglici \u0219i betele a\u0219ezate cruci\u0219 peste c\u0103ma\u0219a tradi\u021bional\u0103. Pe 25 noiembrie 2015, Dansul C\u0103lu\u0219arilor a fost \u00eenscris \u00een Patrimoniul UNESCO.<\/p>\n<ul>\n<li><strong>Costume Na\u021bionale (15 februarie 1969)<\/strong> \u2013 reprezent\u00e2nd portul popular tradi\u021bional din Jude\u021bul Arge\u0219.<\/li>\n<\/ul>\n<p>Costumele na\u021bionale, asociate cu zone geografice, religie sau starea civil\u0103, au reprezentat de-a lungul timpului cultura sau identitatea etnic\u0103 a fiec\u0103rui popor. Romfilatelia v\u0103 prezint\u0103 un costum na\u021bional care define\u0219te zona Arge\u0219, av\u00e2nd caracteristici specifice \u2013 m\u00e2neca r\u0103sfr\u00e2nt\u0103, \u00eencre\u021bul policrom urmat de r\u00e2uri, ornate cu paiete sau m\u0103rgele.<\/p>\n<ul>\n<li><strong>100 de ani de la na\u0219terea sculptorului Constantin Br\u00e2ncu\u0219i (15 februarie 1976)<\/strong> \u2013 reprezent\u00e2nd ansamblul arhitectural \u201eMasa T\u0103cerii\u201d din T\u00e2rgu Jiu, una dintre operele de referin\u021b\u0103 ale lui Constantin Br\u00e2ncu\u0219i.<\/li>\n<\/ul>\n<p>Pentru a vorbi de Br\u00e2ncu\u0219i, este suficient s\u00e3 amintim c\u00e2teva din operele sale celebre: Cap de copil, Rug\u00e3ciunea, S\u00e3rutul, Cumin\u00feenia p\u00e3m\u00e2ntului, Muza adormit\u00e3, Domni\u0219oara Pogany, Somnul, \u00cenceputul lumii, M\u00e3iastra, Pas\u00e3rea \u00een v\u00e3zduh, Coco\u0219ul, Masa t\u00e3cerii, Poarta s\u00e3rutului, Coloana f\u00e3r\u00e3 sf\u00e2r\u0219it. Dac\u00e3 fiecare din ele are propria ei poveste, toate au \u00een esen\u00fe\u00e3 limbajul tradi\u00feional al formelor c\u00e3rora Br\u00e2ncu\u0219i renun\u00fe\u00e2nd la frumuse\u00feea lor exterioar\u00e3, le ofer\u00e3 \u00een schimb o dimensiune intrinsec\u00e3: \u201eNu forma exterioar\u00e3 este real\u00e3\u201c, sublinia el: \u201eCeea ce este real, este numai esen\u00fea. Este cu totul imposibil s\u00e3 exprimi ast\u00e3zi ceva real, doar prin imitarea suprafe\u00feelor exterioare ale lucrurilor.\u201c<\/p>\n<ul>\n<li><strong>Semicentenarul Muzeul Satului din Bucure\u0219ti (21 iulie 1986)<\/strong> \u2013 reprezent\u00e2nd o imagine a unei case din Cuti\u0219oara, Gorj.<\/li>\n<\/ul>\n<p>\u00cen 1936 lua fiin\u0163\u00e3 la Bucure\u015fti, \u00een Parcul Her\u00e3str\u00e3u, unul dintre primele muzee etnografice \u00een aer liber din Rom\u00e2nia \u015fi din lume: Muzeul Satului.<br \/>\nIdeea tipului de institu\u0163ie reprezentat\u00e3 de Muzeul Satului, este concretizarea teoriei, de valoare european\u00e3, a lui Fr\u00e9d\u00e9ric le Play \u015fi a \u015fcolii sale, despre un \u201emuzeu social\u201c, un \u201esat muzeu\u201c \u2013 cum l-au v\u00e3zut Dimitrie Gusti \u015fi urma\u015fii s\u00e3i \u2013 care s\u00e3 \u00eensumeze caracteristicile \u015fi identitatea tuturor satelor din Rom\u00e2nia.<br \/>\nCrearea Muzeului Satului este rodul unor cercet\u00e3ri intense \u015fi sus\u0163inute, teoretice \u015fi de teren, ca \u015fi al unor experimente muzeografice, de peste un deceniu, coordonate de profesorul Dimitrie Gusti, \u00eentemeietor al \u015fcolii Sociologice din Bucure\u015fti.<\/p>\n<ul>\n<li><strong>Centenarul avionului cu reac\u021bie \u2013 Coand\u0103 1910 (15 octombrie 2010)<\/strong> \u2013 reprezent\u00e2nd primul avion cu reac\u021bie din lume.<\/li>\n<\/ul>\n<p><strong>Henri Coand\u0103<\/strong>, p\u0103rintele avionului cu reac\u0163ie \u015fi descoperitor al efectului care \u00eei poart\u0103 numele.\u00a0\u00cen mod firesc, armata rom\u00e2n\u0103 a fost printre primele din lume care a de\u0163inut avioane. Astfel, \u00een anii 1910-1911, avia\u0163ia a fost experimentat\u0103 cu ocazia unor exerci\u0163ii militare de amploare \u015fi, pentru c\u0103 s-a dovedit viabil\u0103, la 1 aprilie 1912, s-a \u00eenfiin\u0163at \u015ecoala militar\u0103 de zbor de la Cotroceni, prima structur\u0103 de acest gen din armata noastr\u0103.<\/p>\n<p>&nbsp;<\/p>\n<p>Detalii tehnice tricou:<\/p>\n<p>Compozi\u021bie: 100% bumbac,\u00a0 sp\u0103lare automat\u0103, max. 30\u00b0,\u00a0 sp\u0103lare pe verso, c\u0103lcare pe verso<\/p>\n<p>Gramaj: 155 g<\/p>\n","protected":false},"excerpt":{"rendered":"<p>Pentru pasiona\u021bii de m\u0103rci po\u0219tale rom\u00e2ne\u0219ti, Romfilatelia \u00a0lanseaz\u0103 o edi\u021bie limitat\u0103 suveniruri, pe care sunt ilustrate emisiuni filatelice Sunt disponibile [&hellip;]<\/p>\n","protected":false},"featured_media":2060317,"template":"","meta":{"site-sidebar-layout":"default","site-content-layout":"","ast-site-content-layout":"","site-content-style":"default","site-sidebar-style":"default","ast-global-header-display":"","ast-banner-title-visibility":"","ast-main-header-display":"","ast-hfb-above-header-display":"","ast-hfb-below-header-display":"","ast-hfb-mobile-header-display":"","site-post-title":"","ast-breadcrumbs-content":"","ast-featured-img":"","footer-sml-layout":"","theme-transparent-header-meta":"","adv-header-id-meta":"","stick-header-meta":"","header-above-stick-meta":"","header-main-stick-meta":"","header-below-stick-meta":"","astra-migrate-meta-layouts":"default","ast-page-background-enabled":"default","ast-page-background-meta":{"desktop":{"background-color":"var(--ast-global-color-4)","background-image":"","background-repeat":"repeat","background-position":"center center","background-size":"auto","background-attachment":"scroll","background-type":"","background-media":"","overlay-type":"","overlay-color":"","overlay-opacity":"","overlay-gradient":""},"tablet":{"background-color":"","background-image":"","background-repeat":"repeat","background-position":"center center","background-size":"auto","background-attachment":"scroll","background-type":"","background-media":"","overlay-type":"","overlay-color":"","overlay-opacity":"","overlay-gradient":""},"mobile":{"background-color":"","background-image":"","background-repeat":"repeat","background-position":"center center","background-size":"auto","background-attachment":"scroll","background-type":"","background-media":"","overlay-type":"","overlay-color":"","overlay-opacity":"","overlay-gradient":""}},"ast-content-background-meta":{"desktop":{"background-color":"var(--ast-global-color-5)","background-image":"","background-repeat":"repeat","background-position":"center center","background-size":"auto","background-attachment":"scroll","background-type":"","background-media":"","overlay-type":"","overlay-color":"","overlay-opacity":"","overlay-gradient":""},"tablet":{"background-color":"var(--ast-global-color-5)","background-image":"","background-repeat":"repeat","background-position":"center center","background-size":"auto","background-attachment":"scroll","background-type":"","background-media":"","overlay-type":"","overlay-color":"","overlay-opacity":"","overlay-gradient":""},"mobile":{"background-color":"var(--ast-global-color-5)","background-image":"","background-repeat":"repeat","background-position":"center center","background-size":"auto","background-attachment":"scroll","background-type":"","background-media":"","overlay-type":"","overlay-color":"","overlay-opacity":"","overlay-gradient":""}}},"product_cat":[2643,2634],"product_tag":[],"class_list":{"0":"post-2019989","1":"product","2":"type-product","3":"status-publish","4":"has-post-thumbnail","6":"product_cat-plicuri-filatelice-si-suveniruri","7":"product_cat-produse-filatelice-cu-surprize","8":"desktop-align-left","9":"tablet-align-left","10":"mobile-align-left","12":"first","13":"instock","14":"taxable","15":"shipping-taxable","16":"product-type-grouped"},"_links":{"self":[{"href":"https:\/\/magazin.romfilatelia.ro\/index.php?rest_route=\/wp\/v2\/product\/2019989"}],"collection":[{"href":"https:\/\/magazin.romfilatelia.ro\/index.php?rest_route=\/wp\/v2\/product"}],"about":[{"href":"https:\/\/magazin.romfilatelia.ro\/index.php?rest_route=\/wp\/v2\/types\/product"}],"wp:featuredmedia":[{"embeddable":true,"href":"https:\/\/magazin.romfilatelia.ro\/index.php?rest_route=\/wp\/v2\/media\/2060317"}],"wp:attachment":[{"href":"https:\/\/magazin.romfilatelia.ro\/index.php?rest_route=%2Fwp%2Fv2%2Fmedia&parent=2019989"}],"wp:term":[{"taxonomy":"product_cat","embeddable":true,"href":"https:\/\/magazin.romfilatelia.ro\/index.php?rest_route=%2Fwp%2Fv2%2Fproduct_cat&post=2019989"},{"taxonomy":"product_tag","embeddable":true,"href":"https:\/\/magazin.romfilatelia.ro\/index.php?rest_route=%2Fwp%2Fv2%2Fproduct_tag&post=2019989"}],"curies":[{"name":"wp","href":"https:\/\/api.w.org\/{rel}","templated":true}]}}