{"id":2030817,"date":"2022-06-16T08:50:59","date_gmt":"2022-06-16T06:50:59","guid":{"rendered":"https:\/\/magazin.romfilatelia.ro\/?post_type=product&#038;p=2030817"},"modified":"2024-11-05T15:16:35","modified_gmt":"2024-11-05T13:16:35","slug":"comorile-pelesului","status":"publish","type":"product","link":"https:\/\/magazin.romfilatelia.ro\/?product=comorile-pelesului","title":{"rendered":"Comorile Pele\u0219ului"},"content":{"rendered":"<p><a href=\"https:\/\/www.romfilatelia.ro\/wp-content\/uploads\/2022\/06\/SITE_Mc_Comorile-Pelesului-compress.jpg\"><img fetchpriority=\"high\" decoding=\"async\" class=\"alignleft wp-image-2037571\" src=\"https:\/\/www.romfilatelia.ro\/wp-content\/uploads\/2022\/06\/SITE_Mc_Comorile-Pelesului-compress.jpg\" alt=\"\" width=\"350\" height=\"462\" \/><\/a><strong>Romfilatelia<\/strong> dedic\u0103 un nou proiect filatelic bogatului patrimoniu al Muzeului Pele\u0219, introduc\u00e2nd \u00een circula\u021bie, <em>vineri, 17 iunie a.c.<\/em>, emisiunea de m\u0103rci po\u0219tale <strong>Comorile Pele\u0219ului.<\/strong><\/p>\n<p>Cele patru timbre, coli\u021ba dantelat\u0103 \u0219i mapa filatelic\u0103 special\u0103 a emisiunii, \u00eenf\u0103\u021bi\u0219eaz\u0103 piese reprezentative, de mare valoare estetic\u0103, din colec\u021biile Muzeului Na\u021bional Pele\u0219, remarc\u00e2ndu-se prin bog\u0103\u021bie, frumuse\u021be \u0219i rafinament colec\u021bia de orfevr\u0103rie, de ceramic\u0103 \u0219i de sticl\u0103rie, legate intrinsec de Castelul Pele\u0219 \u0219i de ctitorul s\u0103u, regele Carol I.<\/p>\n<p>Pe timbrul cu valoarea nominal\u0103 de <strong>2 Lei<\/strong> este reprodus un <strong>Vas<\/strong> de provenien\u021b\u0103 german\u0103, realizat din por\u021belan past\u0103 tare, modelat \u00een tipar \u0219i manual, cu decor aplicat. Pictat manual sub glazur\u0103, \u00een policromie \u0219i par\u0163ial aurit, vasul este o crea\u021bie din perioada anilor 1870 \u2013 1900 a renumitului atelier Meissen, din Germania.<\/p>\n<p>Pe timbrul cu valoarea nominal\u0103 de<strong> 4 Lei<\/strong> este ilustrat un <strong>Vas<\/strong> de provenien\u021b\u0103 austriac\u0103, realizat \u00een atelierul Lobmeyr, din Viena, la finele secolului al XIX-lea. Vasul din cristal, suflat \u00een tipar \u0219i aurit par\u0163ial, este pictat cu email reprezent\u00e2nd motive floral-vegetale policrome \u00een ancadramente arhitectonice.<\/p>\n<p>Pe timbrul cu valoarea nominal\u0103 de<strong> 10 Lei <\/strong>este redat<strong> suportul pentru plicuri<\/strong>, creat \u00een atelierul Nicholls &amp; Plincke, din Rusia, la sf\u00e2r\u015fitul secolului al XIX-lea. A fost realizat din bronz aurit \u0219i pl\u0103cu\u021be din lapis-lazuli \u0219i face parte dintr-un serviciu de birou compus din 12 piese. Pe latura \u00eenalt\u0103, la fronton este dispus\u0103 monograma Ducesei Maria Alexandrovna, mama reginei Maria a Rom\u00e2niei.<\/p>\n<p>Pe timbrul cu valoarea nominal\u0103 de<strong> 16 lei <\/strong>este ilustrat un<strong> Vas <em>tulipier\u0103<\/em><\/strong>, realizat \u00een atelierul Ginori, Doccia, din Floren\u0163a, Italia, \u00eentre anii 1870 \u2013 1880. Vasul a fost pictat manual sub glazur\u0103 cu motive <em>a raffaellesche<\/em> \u0219i <em>a grotesche<\/em>, \u00een cromatic\u0103 \u00een nuan\u021be de albastru, galben \u0219i ocru.<\/p>\n<p>Pe timbrul cu valoarea nominal\u0103 de <strong>32 Lei<\/strong> din coli\u021ba dantelat\u0103 a emisiunii este ilustrat\u0103 o amfor\u0103 realizat\u0103 \u00een perioada 1870 \u2013 1890, din faian\u021b\u0103 modelat\u0103 la roat\u0103 \u0219i \u00een tipar, cu decor aplicat \u0219i barbotin\u0103, pictat\u0103 manual sub glazur\u0103, o crea\u021bie a atelierului florentin Ginori, Doccia, din Italia. Mobilierul de pe coli\u021ba emisiunii ilustreaz\u0103 Comoda din Apartamentul principilor, de la primul etaj al Castelului Pele\u0219, realizat\u0103 de firma austriac\u0103 Portois&amp;Fix, din Viena, la sf\u00e2r\u0219itul secolului al XIX-lea.<\/p>\n<p>Figurina \u2013 Leb\u0103d\u0103, ilustrat\u0103 pe unul din plicurile \u201eprima zi\u201d a emisiunii, a fost realizat\u0103 \u00een atelier german, la sf\u00e2r\u015fitul secolului al XIX-lea. Pe cel de-al doilea plic \u201eprima zi\u201d a emisiunii, este redat\u0103 imaginea unui Vas din sticl\u0103, crea\u021bie francez\u0103, de la \u00eenceputul secolului al XX-lea.<\/p>\n<p><em>Romfilatelia mul\u021bume\u0219te domnului director Narcis-Dorin Ion \u0219i echipei de documentare a Muzeului Na\u021bional Pele\u0219 pentru sprijinul oferit la realizarea acestei emisiuni de m\u0103rci po\u0219tale.<\/em><\/p>\n<p><a href=\"https:\/\/www.romfilatelia.ro\/wp-content\/uploads\/2022\/06\/caract_Comorile-Pelesului-compress.jpg\"><img decoding=\"async\" class=\"aligncenter wp-image-2037572 \" src=\"https:\/\/www.romfilatelia.ro\/wp-content\/uploads\/2022\/06\/caract_Comorile-Pelesului-compress.jpg\" alt=\"\" width=\"946\" height=\"1027\" \/><\/a><\/p>\n","protected":false},"excerpt":{"rendered":"<p>Romfilatelia dedic\u0103 un nou proiect filatelic bogatului patrimoniu al Muzeului Pele\u0219, introduc\u00e2nd \u00een circula\u021bie, vineri, 17 iunie a.c., emisiunea de [&hellip;]<\/p>\n","protected":false},"featured_media":2057167,"template":"","meta":{"site-sidebar-layout":"default","site-content-layout":"","ast-site-content-layout":"","site-content-style":"default","site-sidebar-style":"default","ast-global-header-display":"","ast-banner-title-visibility":"","ast-main-header-display":"","ast-hfb-above-header-display":"","ast-hfb-below-header-display":"","ast-hfb-mobile-header-display":"","site-post-title":"","ast-breadcrumbs-content":"","ast-featured-img":"","footer-sml-layout":"","theme-transparent-header-meta":"","adv-header-id-meta":"","stick-header-meta":"","header-above-stick-meta":"","header-main-stick-meta":"","header-below-stick-meta":"","astra-migrate-meta-layouts":"default","ast-page-background-enabled":"default","ast-page-background-meta":{"desktop":{"background-color":"var(--ast-global-color-4)","background-image":"","background-repeat":"repeat","background-position":"center center","background-size":"auto","background-attachment":"scroll","background-type":"","background-media":"","overlay-type":"","overlay-color":"","overlay-opacity":"","overlay-gradient":""},"tablet":{"background-color":"","background-image":"","background-repeat":"repeat","background-position":"center center","background-size":"auto","background-attachment":"scroll","background-type":"","background-media":"","overlay-type":"","overlay-color":"","overlay-opacity":"","overlay-gradient":""},"mobile":{"background-color":"","background-image":"","background-repeat":"repeat","background-position":"center center","background-size":"auto","background-attachment":"scroll","background-type":"","background-media":"","overlay-type":"","overlay-color":"","overlay-opacity":"","overlay-gradient":""}},"ast-content-background-meta":{"desktop":{"background-color":"var(--ast-global-color-5)","background-image":"","background-repeat":"repeat","background-position":"center center","background-size":"auto","background-attachment":"scroll","background-type":"","background-media":"","overlay-type":"","overlay-color":"","overlay-opacity":"","overlay-gradient":""},"tablet":{"background-color":"var(--ast-global-color-5)","background-image":"","background-repeat":"repeat","background-position":"center center","background-size":"auto","background-attachment":"scroll","background-type":"","background-media":"","overlay-type":"","overlay-color":"","overlay-opacity":"","overlay-gradient":""},"mobile":{"background-color":"var(--ast-global-color-5)","background-image":"","background-repeat":"repeat","background-position":"center center","background-size":"auto","background-attachment":"scroll","background-type":"","background-media":"","overlay-type":"","overlay-color":"","overlay-opacity":"","overlay-gradient":""}}},"product_cat":[2688,2618],"product_tag":[],"class_list":{"0":"post-2030817","1":"product","2":"type-product","3":"status-publish","4":"has-post-thumbnail","6":"product_cat-2688","7":"product_cat-colectii-anuale","8":"desktop-align-left","9":"tablet-align-left","10":"mobile-align-left","12":"first","13":"instock","14":"taxable","15":"shipping-taxable","16":"product-type-grouped"},"_links":{"self":[{"href":"https:\/\/magazin.romfilatelia.ro\/index.php?rest_route=\/wp\/v2\/product\/2030817"}],"collection":[{"href":"https:\/\/magazin.romfilatelia.ro\/index.php?rest_route=\/wp\/v2\/product"}],"about":[{"href":"https:\/\/magazin.romfilatelia.ro\/index.php?rest_route=\/wp\/v2\/types\/product"}],"wp:featuredmedia":[{"embeddable":true,"href":"https:\/\/magazin.romfilatelia.ro\/index.php?rest_route=\/wp\/v2\/media\/2057167"}],"wp:attachment":[{"href":"https:\/\/magazin.romfilatelia.ro\/index.php?rest_route=%2Fwp%2Fv2%2Fmedia&parent=2030817"}],"wp:term":[{"taxonomy":"product_cat","embeddable":true,"href":"https:\/\/magazin.romfilatelia.ro\/index.php?rest_route=%2Fwp%2Fv2%2Fproduct_cat&post=2030817"},{"taxonomy":"product_tag","embeddable":true,"href":"https:\/\/magazin.romfilatelia.ro\/index.php?rest_route=%2Fwp%2Fv2%2Fproduct_tag&post=2030817"}],"curies":[{"name":"wp","href":"https:\/\/api.w.org\/{rel}","templated":true}]}}