{"id":2032561,"date":"2023-05-08T18:13:57","date_gmt":"2023-05-08T16:13:57","guid":{"rendered":"https:\/\/magazin.romfilatelia.ro\/?post_type=product&#038;p=2032561"},"modified":"2024-11-05T15:17:27","modified_gmt":"2024-11-05T13:17:27","slug":"europa-2023-pacea-cea-mai-inalta-valoare-a-umanitatii-2","status":"publish","type":"product","link":"https:\/\/magazin.romfilatelia.ro\/?product=europa-2023-pacea-cea-mai-inalta-valoare-a-umanitatii-2","title":{"rendered":"Europa 2023 PACEA, cea mai \u00eenalt\u0103 valoare a umanit\u0103\u021bii"},"content":{"rendered":"<p><a href=\"https:\/\/www.romfilatelia.ro\/wp-content\/uploads\/2023\/05\/SITE_mc_Europa-2023-jpg.webp\"><img fetchpriority=\"high\" decoding=\"async\" class=\"alignleft wp-image-2041358\" src=\"https:\/\/www.romfilatelia.ro\/wp-content\/uploads\/2023\/05\/SITE_mc_Europa-2023-jpg.webp\" alt=\"\" width=\"400\" height=\"590\" \/><\/a>\u201ePacea nu poate domni \u00eentre oameni dac\u0103 nu st\u0103p\u00e2ne\u0219te, \u00eenainte de toate, \u00een sufletul fiec\u0103ruia dintre noi.\u201d<br \/>\nSf\u00e2ntul Pap\u0103 Ioan Paul al II-lea<\/p>\n<p>Romfilatelia introduce \u00een circula\u021bie mar\u021bi, 9 mai, (Ziua Europei), o emisiune simbol pentru omenire: EUROPA 2023, PACEA cea mai \u00eenalt\u0103 valoare a umanit\u0103\u021bii.<br \/>\nTematica aleas\u0103 \u0219i stabilit\u0103 de PostEurop, se constituie ca un apel pentru instaurarea p\u0103cii, a prieteniei dintre na\u021biuni, a concordiei \u0219i toleran\u021bei. \u00cen situa\u021bia interna\u021bional\u0103 actual\u0103, \u00een care agresiunile \u0219i r\u0103zboaiele se reg\u0103sesc \u00een mai multe zone ale lumii, pacea, odat\u0103 instalat\u0103 reprezint\u0103 cel mai pre\u021bios dar pentru omenire.<br \/>\nConceptul design-ului c\u00e2\u0219tig\u0103tor al concursului organizat de PostEurop apar\u021bine echipei unui colectiv de designeri reprezent\u00e2nd Administra\u021bia Po\u0219tal\u0103 din Luxemburg: Linda Bos \u0219i Runa Egilsdottir. Mesajul pe care grafica timbrului \u00eel transmite, este explicitat astfel:<br \/>\n\u201eLumea are nevoie de un nou simbol al p\u0103cii, care s\u0103 uneasc\u0103 toate na\u021biunile. Diferen\u021bele culturale sunt o barier\u0103 pentru o stare de pace. Dac\u0103 omenirea ar putea respecta diferen\u021bele reciproce, \u00een\u021beleg\u00e2ndu-le semnifica\u021bia \u0219i r\u0103spunz\u00e2nd la ele cu considera\u021bie, lumea ar fi un loc mai bun. Acest design arat\u0103 o metafor\u0103 vizual\u0103 a unei societ\u0103\u021bi de cooperare, integrate pa\u0219nic, \u00een care oamenii se \u00eembr\u0103\u021bi\u0219eaz\u0103 reciproc. A fost inspirat de simbolul Celtic Love Knot, cu inimi interconectate. Paleta de culori ilustreaz\u0103 toate na\u021biunile din lume. Prin ad\u0103ugarea de m\u00e2ini cu degete \u00eempletite, transmite mesajul respectului reciproc.\u201d<br \/>\nDesenul reprodus pe timbrul realizat de Rom\u00e2nia, apar\u021bine graficianului Mihai Criste. Conceptul reune\u0219te imaginea florii soarelui, simbol al Flower Power, reprezent\u00e2nd mi\u0219carea pacifist\u0103 a anilor \u201960 ca protest \u00eempotriva r\u0103zboiului din Vietnam \u0219i mesagerul \u0219i simbolul universal al p\u0103cii: porumbelul. Petalele galbene ale florii soarelui sunt personificate ca porumbei, care parc\u0103 \u00eentr-o ac\u021biune dirijat\u0103 extrag semin\u021bele florii pentru a crea imaginea unui planiglob. Galbenul luminos al penajului porumbeilor eman\u0103, simbolic, lumina soarelui binef\u0103c\u0103tor.<\/p>\n<p><a href=\"https:\/\/www.romfilatelia.ro\/wp-content\/uploads\/2023\/05\/caract_Europa-2023_Pacea-jpg.webp\"><img decoding=\"async\" class=\"aligncenter size-full wp-image-2041351\" src=\"https:\/\/www.romfilatelia.ro\/wp-content\/uploads\/2023\/05\/caract_Europa-2023_Pacea-jpg.webp\" alt=\"\" width=\"1713\" height=\"1812\" \/><\/a><\/p>\n","protected":false},"excerpt":{"rendered":"<p>\u201ePacea nu poate domni \u00eentre oameni dac\u0103 nu st\u0103p\u00e2ne\u0219te, \u00eenainte de toate, \u00een sufletul fiec\u0103ruia dintre noi.\u201d Sf\u00e2ntul Pap\u0103 Ioan [&hellip;]<\/p>\n","protected":false},"featured_media":2057302,"template":"","meta":{"site-sidebar-layout":"default","site-content-layout":"","ast-site-content-layout":"","site-content-style":"default","site-sidebar-style":"default","ast-global-header-display":"","ast-banner-title-visibility":"","ast-main-header-display":"","ast-hfb-above-header-display":"","ast-hfb-below-header-display":"","ast-hfb-mobile-header-display":"","site-post-title":"","ast-breadcrumbs-content":"","ast-featured-img":"","footer-sml-layout":"","theme-transparent-header-meta":"","adv-header-id-meta":"","stick-header-meta":"","header-above-stick-meta":"","header-main-stick-meta":"","header-below-stick-meta":"","astra-migrate-meta-layouts":"default","ast-page-background-enabled":"default","ast-page-background-meta":{"desktop":{"background-color":"var(--ast-global-color-4)","background-image":"","background-repeat":"repeat","background-position":"center center","background-size":"auto","background-attachment":"scroll","background-type":"","background-media":"","overlay-type":"","overlay-color":"","overlay-opacity":"","overlay-gradient":""},"tablet":{"background-color":"","background-image":"","background-repeat":"repeat","background-position":"center center","background-size":"auto","background-attachment":"scroll","background-type":"","background-media":"","overlay-type":"","overlay-color":"","overlay-opacity":"","overlay-gradient":""},"mobile":{"background-color":"","background-image":"","background-repeat":"repeat","background-position":"center center","background-size":"auto","background-attachment":"scroll","background-type":"","background-media":"","overlay-type":"","overlay-color":"","overlay-opacity":"","overlay-gradient":""}},"ast-content-background-meta":{"desktop":{"background-color":"var(--ast-global-color-5)","background-image":"","background-repeat":"repeat","background-position":"center center","background-size":"auto","background-attachment":"scroll","background-type":"","background-media":"","overlay-type":"","overlay-color":"","overlay-opacity":"","overlay-gradient":""},"tablet":{"background-color":"var(--ast-global-color-5)","background-image":"","background-repeat":"repeat","background-position":"center center","background-size":"auto","background-attachment":"scroll","background-type":"","background-media":"","overlay-type":"","overlay-color":"","overlay-opacity":"","overlay-gradient":""},"mobile":{"background-color":"var(--ast-global-color-5)","background-image":"","background-repeat":"repeat","background-position":"center center","background-size":"auto","background-attachment":"scroll","background-type":"","background-media":"","overlay-type":"","overlay-color":"","overlay-opacity":"","overlay-gradient":""}}},"product_cat":[2690,2618],"product_tag":[],"class_list":{"0":"post-2032561","1":"product","2":"type-product","3":"status-publish","4":"has-post-thumbnail","6":"product_cat-2690","7":"product_cat-colectii-anuale","8":"desktop-align-left","9":"tablet-align-left","10":"mobile-align-left","12":"first","13":"instock","14":"taxable","15":"shipping-taxable","16":"product-type-grouped"},"_links":{"self":[{"href":"https:\/\/magazin.romfilatelia.ro\/index.php?rest_route=\/wp\/v2\/product\/2032561"}],"collection":[{"href":"https:\/\/magazin.romfilatelia.ro\/index.php?rest_route=\/wp\/v2\/product"}],"about":[{"href":"https:\/\/magazin.romfilatelia.ro\/index.php?rest_route=\/wp\/v2\/types\/product"}],"wp:featuredmedia":[{"embeddable":true,"href":"https:\/\/magazin.romfilatelia.ro\/index.php?rest_route=\/wp\/v2\/media\/2057302"}],"wp:attachment":[{"href":"https:\/\/magazin.romfilatelia.ro\/index.php?rest_route=%2Fwp%2Fv2%2Fmedia&parent=2032561"}],"wp:term":[{"taxonomy":"product_cat","embeddable":true,"href":"https:\/\/magazin.romfilatelia.ro\/index.php?rest_route=%2Fwp%2Fv2%2Fproduct_cat&post=2032561"},{"taxonomy":"product_tag","embeddable":true,"href":"https:\/\/magazin.romfilatelia.ro\/index.php?rest_route=%2Fwp%2Fv2%2Fproduct_tag&post=2032561"}],"curies":[{"name":"wp","href":"https:\/\/api.w.org\/{rel}","templated":true}]}}