{"id":2034094,"date":"2024-03-28T15:01:18","date_gmt":"2024-03-28T13:01:18","guid":{"rendered":"https:\/\/magazin.romfilatelia.ro\/?post_type=product&#038;p=2034094"},"modified":"2024-11-05T15:18:34","modified_gmt":"2024-11-05T13:18:34","slug":"20-de-ani-de-la-aderarea-romaniei-la-nato","status":"publish","type":"product","link":"https:\/\/magazin.romfilatelia.ro\/?product=20-de-ani-de-la-aderarea-romaniei-la-nato","title":{"rendered":"20 DE ANI DE LA ADERAREA ROM\u00c2NIEI LA NATO"},"content":{"rendered":"<p><a href=\"https:\/\/www.romfilatelia.ro\/wp-content\/uploads\/2024\/03\/SITE_mc_20-ani-aderare-Ro-la-NATO-jpg.webp\"><img fetchpriority=\"high\" decoding=\"async\" class=\"alignleft wp-image-2045146\" src=\"https:\/\/www.romfilatelia.ro\/wp-content\/uploads\/2024\/03\/SITE_mc_20-ani-aderare-Ro-la-NATO-jpg.webp\" alt=\"\" width=\"500\" height=\"226\" \/><\/a>Pentru a marca aniversarea a dou\u0103 decenii de la aderarea Rom\u00e2niei la NATO, perioad\u0103 \u00een care Rom\u00e2nia s-a angajat activ pentru consolidarea securit\u0103\u021bii euroatlantice, respect\u00e2ndu-\u0219i toate obliga\u021biile, <strong>Romfilatelia<\/strong> va introduce \u00een circula\u021bie <em>vineri, 29 martie a.c<\/em>., emisiunea de m\u0103rci po\u0219tale intitulat\u0103 <strong><em>20 de ani de la aderarea Rom\u00e2niei la NATO<\/em><\/strong>.<\/p>\n<p>Emisiunea, alc\u0103tuit\u0103 din dou\u0103 m\u0103rci po\u0219tale (cu valorile nominale de <strong>5 lei<\/strong> \u0219i <strong>13 lei<\/strong>) \u0219i 1 plic <em>prima zi<\/em>, prezint\u0103 \u00een imaginile grafice simbolurile NATO, al\u0103turi de drapelul Rom\u00e2niei.<\/p>\n<p>Aderarea Rom\u00e2niei la NATO, la 29 martie 2004, a marcat un moment crucial \u00een istoria contemporan\u0103 a \u021b\u0103rii.<\/p>\n<p>Acest succes major de politic\u0103 extern\u0103 a reprezentat confirmarea angajamentului nostru fa\u021b\u0103 de valorile Alian\u021bei \u0219i a fost rezultatul unui proces de reforme cuprinz\u0103toare. Sus\u021binerea cov\u00e2r\u0219itoare a opiniei publice \u0219i a clasei politice a f\u0103cut ca obiectivul ader\u0103rii la NATO s\u0103 fie o preocupare constant\u0103 a administra\u021biilor care s-au succedat dup\u0103 restaurarea democra\u021biei.<\/p>\n<p>Succesul Rom\u00e2niei a fost \u0219i un moment esen\u021bial \u00een consolidarea stabilit\u0103\u021bii \u0219i securit\u0103\u021bii europene.<\/p>\n<p>Ca Aliat, Rom\u00e2nia \u0219i-a m\u0103rit contribu\u021bia la misiunile \u0219i opera\u021biunile NATO, contribuind \u00een mod semnificativ la \u00eendeplinirea sarcinilor fundamentale ale Alian\u021bei: ap\u0103rare colectiv\u0103 \u0219i descurajare, prevenirea \u0219i gestionarea crizelor, securitate prin cooperare. \u00cen acela\u0219i timp, a devenit o prezen\u021b\u0103 activ\u0103 \u00een dezbaterile politice, cu idei \u0219i propuneri proprii menite s\u0103 consolideze Alian\u021ba, pe baza unei rela\u021bii trans-atlantice puternice, astfel \u00eenc\u00e2t NATO s\u0103 r\u0103m\u00e2n\u0103 eficient\u0103 \u00een gestionarea tuturor amenin\u021b\u0103rilor \u0219i provoc\u0103rilor de securitate la adresa statelor membre. Evolu\u021biile din vecin\u0103tatea estic\u0103<br \/>\na NATO \u0219i din zona M\u0103rii Negre au reprezentat\u00a0 constant, \u00een mod natural, o tem\u0103 prioritar\u0103 pentru Rom\u00e2nia. \u00cen acela\u0219i timp, ne-am asumat un rol activ \u00een sprijinirea securit\u0103\u021bii \u0219i stabilit\u0103\u021bii \u00een Balcanii de vest.<\/p>\n<p>Rom\u00e2nia sus\u021bine politica \u201eu\u0219ilor deschise\u201d, ca instrument care reconfirm\u0103 valoarea transformatoare a procesului de aderare \u0219i extinde spa\u021biul \u00een care democra\u021bia \u0219i statul de drept sunt ap\u0103rate de c\u0103tre toate statele Aliate.<\/p>\n<p>Dup\u0103 ce Federa\u021bia Rus\u0103 a lansat r\u0103zboiul de agresiune asupra Ucrainei, Rom\u00e2nia \u0219i-a asumat un rol activ \u00een consolidarea coerent\u0103 a posturii aliate de descurajare \u0219i ap\u0103rare pe Flancul Estic, \u00een cadrul procesului de articulare a unui r\u0103spuns cuprinz\u0103tor la amenin\u021b\u0103rile f\u0103r\u0103 precedent la adresa tuturor Alia\u021bilor. Acest rol a fost dublat de un sprijin activ \u0219i multidimensional pentru Ucraina, precum \u0219i pentru al\u021bi parteneri expu\u0219i consecin\u021belor negative ale r\u0103zboiului \u00een derulare.<\/p>\n<p>Prin aderarea la NATO, Rom\u00e2nia a ob\u021binut cele mai solide garan\u021bii de securitate din istoria sa, iar cei 20 de ani de apartenen\u021b\u0103 la Alian\u021b\u0103 au transformat-o ireversibil \u0219i i-au consolidat rolul \u0219i capacitatea de a contribui la securitatea \u0219i stabilitatea euro-atlantic\u0103 \u0219i interna\u021bional\u0103.<\/p>\n<p><em>Romfilatelia mul\u021bume\u0219te reprezentan\u021bilor Ministerului Afacerilor Externe pentru furnizarea <\/em><em>\u00ee<\/em><em>nsemnelor oficiale care apar\u021bin simbolisticii NATO.<\/em><\/p>\n<p><a href=\"https:\/\/www.romfilatelia.ro\/wp-content\/uploads\/2024\/03\/caract_pliant_20-ani-de-la-aderarea-Romaniei-la-NATO_mod-2-jpg.webp\"><img decoding=\"async\" class=\"aligncenter wp-image-2045137 size-full\" src=\"https:\/\/www.romfilatelia.ro\/wp-content\/uploads\/2024\/03\/caract_pliant_20-ani-de-la-aderarea-Romaniei-la-NATO_mod-2-jpg.webp\" alt=\"\" width=\"1707\" height=\"1090\" \/><\/a><\/p>\n","protected":false},"excerpt":{"rendered":"<p>Pentru a marca aniversarea a dou\u0103 decenii de la aderarea Rom\u00e2niei la NATO, perioad\u0103 \u00een care Rom\u00e2nia s-a angajat activ [&hellip;]<\/p>\n","protected":false},"featured_media":2057909,"template":"","meta":{"site-sidebar-layout":"default","site-content-layout":"","ast-site-content-layout":"","site-content-style":"default","site-sidebar-style":"default","ast-global-header-display":"","ast-banner-title-visibility":"","ast-main-header-display":"","ast-hfb-above-header-display":"","ast-hfb-below-header-display":"","ast-hfb-mobile-header-display":"","site-post-title":"","ast-breadcrumbs-content":"","ast-featured-img":"","footer-sml-layout":"","theme-transparent-header-meta":"","adv-header-id-meta":"","stick-header-meta":"","header-above-stick-meta":"","header-main-stick-meta":"","header-below-stick-meta":"","astra-migrate-meta-layouts":"default","ast-page-background-enabled":"default","ast-page-background-meta":{"desktop":{"background-color":"var(--ast-global-color-4)","background-image":"","background-repeat":"repeat","background-position":"center center","background-size":"auto","background-attachment":"scroll","background-type":"","background-media":"","overlay-type":"","overlay-color":"","overlay-opacity":"","overlay-gradient":""},"tablet":{"background-color":"","background-image":"","background-repeat":"repeat","background-position":"center center","background-size":"auto","background-attachment":"scroll","background-type":"","background-media":"","overlay-type":"","overlay-color":"","overlay-opacity":"","overlay-gradient":""},"mobile":{"background-color":"","background-image":"","background-repeat":"repeat","background-position":"center center","background-size":"auto","background-attachment":"scroll","background-type":"","background-media":"","overlay-type":"","overlay-color":"","overlay-opacity":"","overlay-gradient":""}},"ast-content-background-meta":{"desktop":{"background-color":"var(--ast-global-color-5)","background-image":"","background-repeat":"repeat","background-position":"center center","background-size":"auto","background-attachment":"scroll","background-type":"","background-media":"","overlay-type":"","overlay-color":"","overlay-opacity":"","overlay-gradient":""},"tablet":{"background-color":"var(--ast-global-color-5)","background-image":"","background-repeat":"repeat","background-position":"center center","background-size":"auto","background-attachment":"scroll","background-type":"","background-media":"","overlay-type":"","overlay-color":"","overlay-opacity":"","overlay-gradient":""},"mobile":{"background-color":"var(--ast-global-color-5)","background-image":"","background-repeat":"repeat","background-position":"center center","background-size":"auto","background-attachment":"scroll","background-type":"","background-media":"","overlay-type":"","overlay-color":"","overlay-opacity":"","overlay-gradient":""}}},"product_cat":[2693,2618],"product_tag":[],"class_list":{"0":"post-2034094","1":"product","2":"type-product","3":"status-publish","4":"has-post-thumbnail","6":"product_cat-2693","7":"product_cat-colectii-anuale","8":"desktop-align-left","9":"tablet-align-left","10":"mobile-align-left","12":"first","13":"instock","14":"taxable","15":"shipping-taxable","16":"product-type-grouped"},"_links":{"self":[{"href":"https:\/\/magazin.romfilatelia.ro\/index.php?rest_route=\/wp\/v2\/product\/2034094"}],"collection":[{"href":"https:\/\/magazin.romfilatelia.ro\/index.php?rest_route=\/wp\/v2\/product"}],"about":[{"href":"https:\/\/magazin.romfilatelia.ro\/index.php?rest_route=\/wp\/v2\/types\/product"}],"wp:featuredmedia":[{"embeddable":true,"href":"https:\/\/magazin.romfilatelia.ro\/index.php?rest_route=\/wp\/v2\/media\/2057909"}],"wp:attachment":[{"href":"https:\/\/magazin.romfilatelia.ro\/index.php?rest_route=%2Fwp%2Fv2%2Fmedia&parent=2034094"}],"wp:term":[{"taxonomy":"product_cat","embeddable":true,"href":"https:\/\/magazin.romfilatelia.ro\/index.php?rest_route=%2Fwp%2Fv2%2Fproduct_cat&post=2034094"},{"taxonomy":"product_tag","embeddable":true,"href":"https:\/\/magazin.romfilatelia.ro\/index.php?rest_route=%2Fwp%2Fv2%2Fproduct_tag&post=2034094"}],"curies":[{"name":"wp","href":"https:\/\/api.w.org\/{rel}","templated":true}]}}