{"id":2060878,"date":"2024-04-15T12:38:16","date_gmt":"2024-04-15T10:38:16","guid":{"rendered":"https:\/\/magazin.romfilatelia.ro\/?post_type=product&#038;p=2060878"},"modified":"2024-11-05T15:18:39","modified_gmt":"2024-11-05T13:18:39","slug":"expozitia-filatelica-mondiala-specializata-efiro-2024","status":"publish","type":"product","link":"https:\/\/magazin.romfilatelia.ro\/?product=expozitia-filatelica-mondiala-specializata-efiro-2024","title":{"rendered":"EXPOZI\u021aIA FILATELIC\u0102 MONDIAL\u0102 SPECIALIZAT\u0102 EFIRO 2024"},"content":{"rendered":"<p><a href=\"https:\/\/www.romfilatelia.ro\/wp-content\/uploads\/2024\/04\/SITE_mc_EFIRO_2024-jpg.webp\"><img fetchpriority=\"high\" decoding=\"async\" class=\"alignleft wp-image-2045304\" src=\"https:\/\/www.romfilatelia.ro\/wp-content\/uploads\/2024\/04\/SITE_mc_EFIRO_2024-jpg.webp\" alt=\"\" width=\"550\" height=\"480\" \/><\/a>Cu ocazia unui deosebit eveniment filatelic organizat \u00een Rom\u00e2nia, Expozi\u021bia Filatelic\u0103 Mondial\u0103 Specializat\u0103 EFIRO 2024, (g\u0103zduit\u0103 de Biblioteca Na\u021bional\u0103) \u00eentre 16 \u0219i 19 aprilie a.c., <strong>Romfilatelia<\/strong> introduce \u00een circula\u021bie, la data de <em>mar\u021bi, 16 aprilie a.c.<\/em> o emisiune intitulat\u0103 <strong><em>Expozi\u021bia Filatelic\u0103 Mondial\u0103 Specializat\u0103 EFIRO 2024<\/em><\/strong>, care este compus\u0103 din trei m\u0103rci po\u0219tale, o coli\u021b\u0103 filatelic\u0103 dantelat\u0103, un plic \u201eprima zi\u201d \u0219i o map\u0103 filatelic\u0103 special\u0103 ce marcheaz\u0103 cea de-a \u0219asea edi\u021bie a evenimentului de profil. Mai multe evenimente din domeniul istoriei na\u021bionale, istoriei po\u0219tei \u0219i filateliei sunt prezentate \u00een grafica celor trei m\u0103rci po\u0219tale \u0219i a coli\u021bei filatelice dantelate.<\/p>\n<p>Marca po\u0219tal\u0103 cu valoarea nominal\u0103 de <strong>4 lei <\/strong>reflect\u0103 \u00eemplinirea a 150 de ani de la \u00eenfiin\u021barea Uniunii Po\u0219tale Universale, Rom\u00e2nia fiind printre fondatori, sub semn\u0103tura lui George Lahovari. Grafica prezint\u0103 o imagine-fragment a grupului statuar al UPU, de la Berna \u0219i timbrul rom\u00e2nesc emis cu ocazia celei de a 75-a anivers\u0103ri a Uniunii (1949).<\/p>\n<p>Marca po\u0219tal\u0103 cu valoarea nominal\u0103 de <strong>6 lei<\/strong> este dedicat\u0103 anivers\u0103rii a 150 de ani de la tip\u0103rirea primelor timbre fiscale la Fabrica de Timbre din Bucure\u0219ti, \u00een anul 1874. Grafica prezint\u0103 imaginile a trei timbre fiscale \u0219i a unei prese manuale de tip\u0103rit, utilizat\u0103 \u00een acea vreme.<\/p>\n<p>Marca po\u0219tal\u0103 cu valoarea nominal\u0103 de <strong>22 lei<\/strong> este dedicat\u0103 \u00eemplinirii a 165 de ani de la Unirea Principatelor Rom\u00e2ne \u0219i reproduce primele trei timbre ale Principatelor emise \u00een anul 1862, \u00een care sunt prezentate reunite stemele Moldovei \u0219i \u021a\u0103rii Rom\u00e2ne\u0219ti.<\/p>\n<p>Coli\u021ba filatelic\u0103, a c\u0103rei marc\u0103 po\u0219tal\u0103 are valoarea nominal\u0103 de <strong>33 lei<\/strong>, reproduce imaginea unei c\u0103r\u021bi po\u0219tale \u00een care apar ca personaje Regele Carol al II-lea \u0219i un renumit filatelist, Heinrich Birnbach, \u00een fa\u021ba unui exponat al Expozi\u021biei Filatelice EFIRO 1932.<\/p>\n<p>Plicul \u201eprima zi\u201d a emisiunii prezint\u0103 reprodus logo-ul EFIRO 2024 \u0219i o imagine care red\u0103 un fragment al grupului statuar al UPU, de la Berna, av\u00e2nd ca fundal elemente ale unei h\u0103r\u021bi apar\u021bin\u00e2nd Principatelor Rom\u00e2ne.<\/p>\n<p><em>Romfilatelia transmite ur\u0103ri de succes tuturor organizatorilor Expozi\u021biei EFIRO 2024, g\u0103zduit\u0103 \u00een spa\u021biul unui edificiu cultural emblematic, Biblioteca Na\u021bional\u0103 a Rom\u00e2niei.<\/em><\/p>\n<p><a href=\"https:\/\/www.romfilatelia.ro\/wp-content\/uploads\/2024\/04\/caract_EFIRO-2024-jpg.webp\"><img decoding=\"async\" class=\"aligncenter wp-image-2045293 size-full\" src=\"https:\/\/www.romfilatelia.ro\/wp-content\/uploads\/2024\/04\/caract_EFIRO-2024-jpg.webp\" alt=\"\" width=\"1713\" height=\"2149\" \/><\/a><\/p>\n","protected":false},"excerpt":{"rendered":"<p>Cu ocazia unui deosebit eveniment filatelic organizat \u00een Rom\u00e2nia, Expozi\u021bia Filatelic\u0103 Mondial\u0103 Specializat\u0103 EFIRO 2024, (g\u0103zduit\u0103 de Biblioteca Na\u021bional\u0103) \u00eentre [&hellip;]<\/p>\n","protected":false},"featured_media":2057757,"template":"","meta":{"site-sidebar-layout":"default","site-content-layout":"","ast-site-content-layout":"","site-content-style":"default","site-sidebar-style":"default","ast-global-header-display":"","ast-banner-title-visibility":"","ast-main-header-display":"","ast-hfb-above-header-display":"","ast-hfb-below-header-display":"","ast-hfb-mobile-header-display":"","site-post-title":"","ast-breadcrumbs-content":"","ast-featured-img":"","footer-sml-layout":"","theme-transparent-header-meta":"","adv-header-id-meta":"","stick-header-meta":"","header-above-stick-meta":"","header-main-stick-meta":"","header-below-stick-meta":"","astra-migrate-meta-layouts":"default","ast-page-background-enabled":"default","ast-page-background-meta":{"desktop":{"background-color":"var(--ast-global-color-4)","background-image":"","background-repeat":"repeat","background-position":"center center","background-size":"auto","background-attachment":"scroll","background-type":"","background-media":"","overlay-type":"","overlay-color":"","overlay-opacity":"","overlay-gradient":""},"tablet":{"background-color":"","background-image":"","background-repeat":"repeat","background-position":"center center","background-size":"auto","background-attachment":"scroll","background-type":"","background-media":"","overlay-type":"","overlay-color":"","overlay-opacity":"","overlay-gradient":""},"mobile":{"background-color":"","background-image":"","background-repeat":"repeat","background-position":"center center","background-size":"auto","background-attachment":"scroll","background-type":"","background-media":"","overlay-type":"","overlay-color":"","overlay-opacity":"","overlay-gradient":""}},"ast-content-background-meta":{"desktop":{"background-color":"var(--ast-global-color-5)","background-image":"","background-repeat":"repeat","background-position":"center center","background-size":"auto","background-attachment":"scroll","background-type":"","background-media":"","overlay-type":"","overlay-color":"","overlay-opacity":"","overlay-gradient":""},"tablet":{"background-color":"var(--ast-global-color-5)","background-image":"","background-repeat":"repeat","background-position":"center center","background-size":"auto","background-attachment":"scroll","background-type":"","background-media":"","overlay-type":"","overlay-color":"","overlay-opacity":"","overlay-gradient":""},"mobile":{"background-color":"var(--ast-global-color-5)","background-image":"","background-repeat":"repeat","background-position":"center center","background-size":"auto","background-attachment":"scroll","background-type":"","background-media":"","overlay-type":"","overlay-color":"","overlay-opacity":"","overlay-gradient":""}}},"product_cat":[2693,2618],"product_tag":[],"class_list":{"0":"post-2060878","1":"product","2":"type-product","3":"status-publish","4":"has-post-thumbnail","6":"product_cat-2693","7":"product_cat-colectii-anuale","8":"desktop-align-left","9":"tablet-align-left","10":"mobile-align-left","12":"first","13":"instock","14":"taxable","15":"shipping-taxable","16":"product-type-grouped"},"_links":{"self":[{"href":"https:\/\/magazin.romfilatelia.ro\/index.php?rest_route=\/wp\/v2\/product\/2060878"}],"collection":[{"href":"https:\/\/magazin.romfilatelia.ro\/index.php?rest_route=\/wp\/v2\/product"}],"about":[{"href":"https:\/\/magazin.romfilatelia.ro\/index.php?rest_route=\/wp\/v2\/types\/product"}],"wp:featuredmedia":[{"embeddable":true,"href":"https:\/\/magazin.romfilatelia.ro\/index.php?rest_route=\/wp\/v2\/media\/2057757"}],"wp:attachment":[{"href":"https:\/\/magazin.romfilatelia.ro\/index.php?rest_route=%2Fwp%2Fv2%2Fmedia&parent=2060878"}],"wp:term":[{"taxonomy":"product_cat","embeddable":true,"href":"https:\/\/magazin.romfilatelia.ro\/index.php?rest_route=%2Fwp%2Fv2%2Fproduct_cat&post=2060878"},{"taxonomy":"product_tag","embeddable":true,"href":"https:\/\/magazin.romfilatelia.ro\/index.php?rest_route=%2Fwp%2Fv2%2Fproduct_tag&post=2060878"}],"curies":[{"name":"wp","href":"https:\/\/api.w.org\/{rel}","templated":true}]}}